e highest common divisor of 319 and 392689.
319
What is the greatest common factor of 15111 and 96579?
657
What is the highest common divisor of 110721 and 102?
51
Calculate the highest common divisor of 208 and 180960.
208
Calculate the highest common factor of 68004 and 342.
18
Calculate the greatest common factor of 33 and 27.
3
What is the greatest common factor of 7930211 and 17?
17
What is the greatest common divisor of 100694 and 5174?
398
Calculate the highest common factor of 132 and 1793.
11
What is the highest common divisor of 1534 and 44746?
26
Calculate the greatest common factor of 1216 and 61.
1
What is the greatest common divisor of 345427 and 223?
223
What is the highest common factor of 219069 and 1446?
723
What is the greatest common factor of 1318 and 1612573?
659
What is the greatest common divisor of 121 and 27874?
11
Calculate the greatest common factor of 2565 and 1767.
57
Calculate the greatest common factor of 6404955 and 15.
15
What is the greatest common factor of 79 and 937?
1
What is the highest common factor of 635 and 19177?
127
What is the highest common factor of 110 and 3309460?
110
What is the greatest common divisor of 97093 and 2567?
151
Calculate the greatest common factor of 51423 and 14331.
843
Calculate the greatest common divisor of 11687 and 87464.
377
Calculate the greatest common divisor of 3477 and 310917.
183
What is the highest common factor of 20 and 7372?
4
What is the highest common divisor of 850 and 39202?
34
What is the highest common factor of 540 and 2154870?
270
What is the greatest common divisor of 154 and 1211518?
154
Calculate the greatest common divisor of 682184 and 1902.
634
Calculate the greatest common factor of 28 and 97874.
14
What is the greatest common divisor of 73511 and 83581?
1007
What is the greatest common divisor of 332696 and 1232?
56
Calculate the highest common divisor of 42393 and 1326.
39
What is the highest common divisor of 26 and 25?
1
What is the highest common divisor of 16 and 205456?
16
What is the greatest common factor of 787834 and 194?
194
Calculate the greatest common factor of 39072 and 1903.
11
What is the highest common factor of 126224 and 7912?
184
Calculate the highest common divisor of 11375 and 182.
91
Calculate the highest common divisor of 318 and 285776.
106
Calculate the greatest common divisor of 4807 and 247.
19
What is the greatest common factor of 588 and 269556?
84
Calculate the highest common divisor of 615 and 1519911.
123
Calculate the highest common factor of 6490 and 2655.
295
What is the highest common divisor of 83665 and 290?
145
Calculate the highest common factor of 2668 and 851.
23
Calculate the highest common factor of 581 and 956907.
581
What is the greatest common factor of 24856 and 11752?
104
Calculate the highest common divisor of 960340 and 180.
20
What is the highest common divisor of 18 and 1289646?
18
What is the greatest common divisor of 16639 and 56?
7
Calculate the greatest common divisor of 71876 and 369950.
2114
What is the highest common divisor of 87907 and 153?
17
What is the greatest common divisor of 5768 and 392?
56
What is the highest common factor of 120 and 48935?
5
What is the greatest common factor of 9387 and 126?
63
What is the greatest common divisor of 637 and 2303?
49
Calculate the highest common factor of 6282 and 3636.
18
What is the greatest common factor of 6129 and 118948?
227
What is the highest common factor of 992 and 152923?
31
What is the highest common factor of 295019 and 329?
47
Calculate the greatest common factor of 8056 and 5092.
76
Calculate the greatest common divisor of 1294510 and 140.
70
Calculate the highest common divisor of 296 and 378.
2
What is the highest common divisor of 13202 and 1148?
574
Calculate the greatest common divisor of 13850 and 18.
2
Calculate the greatest common factor of 27345 and 5.
5
What is the highest common divisor of 31458 and 13818?
294
Calculate the highest common divisor of 186 and 14448.
6
Calculate the greatest common factor of 1000 and 8160.
40
Calculate the highest common factor of 5037 and 299.
23
What is the highest common factor of 2 and 74?
2
What is the highest common factor of 3669 and 802288?
1223
What is the highest common factor of 1342 and 106304?
22
What is the highest common divisor of 4800 and 536640?
960
What is the highest common divisor of 5551 and 247?
13
What is the highest common divisor of 15 and 27595?
5
Calculate the highest common factor of 120758 and 44411.
499
Calculate the highest common factor of 94162 and 178.
178
Calculate the greatest common factor of 69658 and 116.
58
Calculate the highest common divisor of 3250 and 2050.
50
Calculate the greatest common factor of 399687 and 4046.
289
What is the highest common factor of 126 and 1728993?
21
Calculate the highest common divisor of 246 and 1752996.
246
What is the greatest common factor of 1430 and 19370?
130
Calculate the greatest common factor of 85 and 215.
5
What is the greatest common divisor of 6050 and 1175?
25
What is the highest common divisor of 1683 and 5984?
187
Calculate the greatest common divisor of 100 and 3490.
10
What is the greatest common divisor of 441 and 6321?
147
Calculate the greatest common divisor of 1532 and 52.
4
What is the highest common factor of 37700 and 8710?
130
What is the highest common factor of 1876 and 26?
2
What is the highest common divisor of 758 and 2369508?
758
Calculate the highest common factor of 8 and 180536.
8
Calculate the greatest common divisor of 693012 and 84.
12
Calculate the highest common divisor of 81298 and 1050.
14
Calculate the highest common factor of 317837 and 65.
13
What is the greatest common divisor of 62408 and 32?
8
What is the greatest common factor of 5020 and 25930?
10
Calculate the greatest common factor of 92583 and 127.
127
What is the greatest common divisor of 44 and 1897522?
22
What is the greatest common divisor of 77119 and 644?
161
Calculate the greatest common divisor of 125670 and 708.
354
What is the greatest common divisor of 5203 and 285692?
473
Calculate the greatest common factor of 62865 and 12870.
495
Calculate the highest common factor of 2 and 12813.
1
Calculate the greatest common divisor of 1575 and 18018.
63
What is the highest common divisor of 454249 and 1369?
37
What is the greatest common factor of 85 and 352835?
85
What is the greatest common factor of 687732 and 12?
12
What is the greatest common factor of 134 and 1995997?
67
Calculate the greatest common divisor of 1422412 and 23.
23
Calculate the greatest common divisor of 84001 and 1503.
167
Calculate the greatest common factor of 403 and 8672963.
403
What is the greatest common divisor of 203656 and 8?
8
What is the greatest common divisor of 31886 and 7748?
298
Calculate the highest common factor of 399 and 1748684.
133
What is the greatest common factor of 485141 and 58?
29
Calculate the highest common divisor of 36 and 131319.
9
What is the highest common factor of 1256 and 2995246?
314
What is the highest common factor of 199 and 3383?
199
What is the highest common divisor of 3925 and 16014?
157
What is the highest common divisor of 11559 and 3?
3
What is the highest common divisor of 33156 and 138764?
1228
Calculate the highest common divisor of 118461 and 189.
21
What is the greatest common factor of 6 and 38217?
3
What is the greatest common divisor of 117 and 531?
9
What is the highest common divisor of 46960 and 80?
80
What is the greatest common factor of 1288451 and 1436?
359
Calculate the highest common divisor of 710 and 1332315.
355
What is the greatest common factor of 12 and 1482?
6
Calculate the highest common factor of 34 and 6514.
2
Calculate the greatest common divisor of 1028 and 51143.
257
What is the highest common factor of 693 and 308?
77
Calculate the greatest common divisor of 7 and 2629151.
7
Calculate the highest common divisor of 365806 and 224.
14
Calculate the greatest common divisor of 8658 and 572094.
666
What is the highest common factor of 13167 and 792?
99
What is the highest common factor of 138 and 4479?
3
What is the greatest common divisor of 1 and 99776?
1
Calculate the greatest common factor of 500316 and 12.
12
Calculate the highest common divisor of 1